ainder when y(-3) is divided by t.
1
Suppose -5*z + 638 = -r, -130 = -z - 142*r + 143*r. What is the remainder when 617 is divided by z?
109
Let g(y) = -11*y - 18. Let m(u) = -u**2 + 8*u - 20. Let d be m(5). Let t be g(d). Suppose -273 = 30*i - t*i. What is the remainder when i is divided by 10?
9
Let t be (2 - 0)/(3 + -2). Suppose p + t*p - 63 = 0. What is the remainder when p is divided by (-1 - 13)/(-2) - -5?
9
Suppose -25 + 5 = 2*j. Let y be j/25 + (-2244)/(-10). Suppose -y = -t - 6*t. What is the remainder when t is divided by 12?
8
Let j(i) = i**2 - 17*i + 39. Let w be (-1)/4 + ((-66)/(-8))/(-3). Let f be (-40)/(w - -2)*6/15. What is the remainder when 43 is divided by j(f)?
20
Suppose 0 = 4*f + 4*o - 740, 3*o - 737 = -7*f + 3*f. Let m = 67 - f. Calculate the remainder when 88 is divided by (-28)/168 + m/(-6).
12
Suppose -2 = -t, -c = -20*t + 18*t - 27. What is the remainder when 371 is divided by c?
30
Let f be (-5)/(-5 + -5)*2*19. Suppose -6*k = -f + 1. Calculate the remainder when (17/(-1)*-1)/1 is divided by k.
2
Calculate the remainder when (-111960)/(-150) + (-3)/(-5) is divided by 29.
22
Let t(k) = -19*k + 148. Let u be t(11). What is the remainder when 264 is divided by 168/112*(-1 - u/3)?
3
Suppose -2*d = 3*w - 42, 2*d - 39 = -2*w - 9. Suppose -13*t - 17*t = -600. Calculate the remainder when 2/1 + t + 0 is divided by w.
10
Suppose 82*i - 14*i - 29232 = -58*i. Calculate the remainder when i is divided by 167.
65
What is the remainder when 367 is divided by 55 - (-2 + -1 - -18)*(-82)/(-246)?
17
Let z(m) = 19*m + 102. Let p(h) = h**3 + 3*h**2 - 7*h - 10. Calculate the remainder when z(-5) is divided by p(-4).
1
Suppose 114 = -5*f + 4*s + 329, 4*s + 98 = 2*f. Let o(v) = v**3 - 37*v**2 - 64*v - 69. What is the remainder when o(f) is divided by 16?
13
Let s(k) = k + 26. Let q be s(-12). Suppose -5*o - q = 6. Let b = o + 36. What is the remainder when 63 is divided by b?
31
Suppose 507 = 5*b + 72. Let u(n) = n**3 - 26*n**2 + 30*n - 4. Let a be u(25). Let r = -98 + a. Calculate the remainder when b is divided by r.
18
Let k(o) = -o**2 - 9*o + 26. Let x be k(2). What is the remainder when (-1526)/(-8) + x*2/32 is divided by 15?
11
Suppose 5*b - 10 - 10 = 0. Suppose 6*q = -b + 28. Suppose -4*n - 4*g + 172 = 0, 4*g = -q*n - n + 213. Calculate the remainder when n is divided by 11.
8
Let t = 2445 + -2366. Calculate the remainder when 155 is divided by t.
76
Let u(w) = -10*w - 33. Let y be u(-11). Suppose 2*z + 17 = -2*p + y, 3*z + 134 = 4*p. Calculate the remainder when p is divided by 23.
9
Suppose n = 2*b + 28, 34 = 4*n - 2*b - 48. Suppose -5*s + 389 = 48*x - 47*x, -4*x = 4. What is the remainder when s is divided by n?
6
Let y(b) = -31*b + 17. Let o(n) = 30*n - 17. Let k(d) = 7*o(d) + 6*y(d). Calculate the remainder when k(5) is divided by 35.
33
Suppose -4*b + 0*b = -156. Let s be 4 + (-4)/((-4)/b). Let f = s - 14. Calculate the remainder when f is divided by 11.
7
Let b(a) = a**3 + 8*a**2 - 12*a - 3. Let n be b(-9). Suppose -3325 - 827 = -n*z. Calculate the remainder when z is divided by 29.
28
Let t = -3871 + 3892. Suppose -6*h = -8*h - 16. What is the remainder when (h/(-10))/((-4)/(-190)) is divided by t?
17
Suppose 158 = -5*g - 82. Let u = g + 65. Suppose 0 = u*i - 12*i - 95. What is the remainder when i is divided by 11?
8
Let g(q) = 221*q + 5388. Calculate the remainder when g(-16) is divided by 14.
4
Let g(h) = 60*h + 3. Let j = 6222 - 6171. Calculate the remainder when g(5) is divided by j.
48
Let q(t) be the third derivative of t**6/120 - 7*t**5/20 - 25*t**4/12 - 41*t**3/6 + 54*t**2 - 2*t. What is the remainder when q(24) is divided by 61?
60
Let u(g) = g**3 + 8*g**2 - 13*g - 1. Calculate the remainder when u(-9) is divided by -6 + 143/8 + 109/872.
11
Let m = 11 + 15. Let z(l) = 6*l**2 + 4*l + 23. Let g be (15 + 81/(-9))*(-2)/3. Calculate the remainder when z(g) is divided by m.
25
Suppose -176*z + 181*z = 3*k - 923, -z - 4 = 0. What is the remainder when 3005 is divided by k?
296
Suppose -x = -2*o - 13, x = -2*o - 0 - 3. Let y(q) be the first derivative of -2*q**2 - 6*q + 173. Calculate the remainder when 79 is divided by y(o).
9
Let j = -86 + 89. Let t = 44 + -43. Suppose 2*c - 52 = -y + 5*y, c - t = -j*y. What is the remainder when 63 is divided by c?
15
Suppose 3*f + 1008 = 5*l, 0 = 10*l - 8*l + 3*f - 420. What is the remainder when l is divided by 157?
47
Let i(v) = 2281*v + 311. Calculate the remainder when i(5) is divided by 21.
19
Calculate the remainder when 13/(-3*2/(-66)) is divided by (2 - -6) + (13 + -18 - -15).
17
Let x be ((0 + 1)*27)/(9/12). Suppose 0 = -9*v + 11*v - x. Let q = -102 - -207. What is the remainder when q is divided by v?
15
Let x = 14 + -21. Let q(y) be the third derivative of -17*y**4/24 - 56*y**2. Calculate the remainder when q(x) is divided by 15.
14
Let k be ((-3)/(-4))/((-9)/(-264)). Suppose 24 = -20*i + k*i. Suppose 20 = 4*t + 4*c, 9 - 46 = -5*t - c. What is the remainder when i is divided by t?
4
Suppose -4*i + 0 + 8 = 0. What is the remainder when 460 is divided by -6*i/(-12) - 36/(-6)?
5
Let h(l) = l**3 - 8*l**2 - 33*l + 656. What is the remainder when h(0) is divided by 18?
8
Let w = 21 - 68. Let h = w - -23. Let r = 68 + h. What is the remainder when r is divided by 12?
8
Suppose -24 = 18*n - 24*n. Suppose -532 = -n*w - 476. What is the remainder when 1/(1 - 0) + 52 is divided by w?
11
Let q be 0/(-18)*(-1 + 0). Suppose 4*s + 2*m + 9 - 3 = q, -3 = -3*m. Calculate the remainder when 68 is divided by -2 + 16/4 + s + 23.
22
Let a = -2836 - -2900. What is the remainder when a is divided by (2 + 8/(-5))*85?
30
Let h = 38 - 18. Suppose -24 = 4*j, 0 = -5*s - 4*j + 396 + 155. Calculate the remainder when s is divided by h.
15
Suppose 0 = -k - g + 2, -2*k + 0 - 3 = -5*g. Let d(v) = 4*v**2 - 6*v - 11. Calculate the remainder when k + -2 + (-100)/(-1) is divided by d(-2).
14
Let d(v) = 5*v**2 - 63*v + 37. Let x be d(12). Calculate the remainder when 2/(8/(-75))*-4*x is divided by 38.
37
Suppose 0 = 7*t - 8*t - 615. Let x = t - -669. What is the remainder when 316 is divided by x?
46
Let c(h) = 243*h - 347. What is the remainder when 9312 is divided by c(2)?
138
Let h = 2500 + -2485. What is the remainder when 326 is divided by h?
11
Let h(u) = u**2 - 2*u - 5. Let f(r) = -45*r + 26. Let i be f(-5). Let b = -243 + i. What is the remainder when b is divided by h(4)?
2
Let t(r) = 3*r**3 - 10*r**2 - 15*r + 8. Let g be t(8). Let n = g - 705. Calculate the remainder when 306 is divided by n.
69
Let s = 271 - 268. Suppose -5*y + 62 = k - 54, -5*k + 580 = -s*y. What is the remainder when k is divided by 24?
20
Let c(g) = 100*g - 373. What is the remainder when 87 is divided by c(4)?
6
Calculate the remainder when 547206/198 - (12/9)/(-4) is divided by 6.
4
Suppose 528*u = 530*u + 118. Let q = -46 - u. Calculate the remainder when 36 is divided by q.
10
Let z = -282 + 285. Suppose 2*f = -z*m + 98, 5*f = 3*m - 8*m + 155. What is the remainder when m is divided by 35?
1
Suppose -5*a + 240 = -0*a. Let v = 118 + -157. Let i(y) = -2*y**2 - 76*y + 85. Calculate the remainder when a is divided by i(v).
6
Let o = -16962 - -17035. Calculate the remainder when 75 is divided by o.
2
Let t(d) = -5*d + 3. Let b(g) = -g**3 - 13*g**2 - 11*g - 7. Let m be b(-13). Let f = m - 74. Calculate the remainder when f is divided by t(-6).
29
Suppose -3*q - 191 = 5*u + 138, 482 = -4*q + 2*u. Let i = 32 - q. Calculate the remainder when i is divided by 17.
14
Let i be 19/(-57) + -1 + 140/6. Suppose -t = -10*w + 7*w - 9, 2*t - i = 4*w. Let b(f) = f**3 - f**2 - 5*f + 1. What is the remainder when b(4) is divided by t?
14
Suppose 30*k + 910 = 40*k. Calculate the remainder when (k - -1) + (-4 - 0) is divided by 18.
16
Let d(y) = -191*y + 11156. Calculate the remainder when d(57) is divided by 109.
51
Suppose 4*v - 2*d = 586, -v = -5*d - 121 - 48. Suppose 2*p = 3*l + 146, -2*p + l + v = -l. Let q = p + -59. Calculate the remainder when 106 is divided by q.
7
Let r(w) = -w**3 - 9*w**2 + w + 19. Let z be r(-9). Suppose z = -2*y + 42. Calculate the remainder when ((-10)/3)/(y/(-120)) is divided by 13.
12
Suppose -125*u + 341 = -94*u. Calculate the remainder when 449 is divided by u.
9
Suppose 3*l - 15 = 0, 3*l = -5*c + 3*c + 213. Supp